3 - 5*s**2 + s + 2. Let j(k) = k - 15. Let v(o) = 10*o**2. Let t be v(-1). Let l be j(t). Calculate x(l).
-3
Let a(t) = 4*t - 5. Let r(u) = 4 - 5 + 4 - 4. Let l(o) = -a(o) + 6*r(o). Calculate l(1).
-5
Let v(a) = -3*a + 2. Let x = 17 - 20. Calculate v(x).
11
Let x(r) = -1 + 15 + 5 - r. Let c be x(13). Let o(a) = a - 10. Determine o(c).
-4
Suppose 6 = 2*l - 2*p, 4*p = 5*l - 0*p - 10. Let j(a) = -9*a - 1. What is j(l)?
17
Let w be (-24)/(-10)*(-30)/(-12). Let n be ((-3)/(-6))/(2/12). Let t(c) = 4*c**2 - 1 - n*c**2 - 6*c - 3. What is t(w)?
-4
Let c(d) = 37*d**3 + 4*d + 5*d**2 - 15*d**3 - 23*d**3 + 3. Calculate c(6).
-9
Let r(a) be the first derivative of a**5/30 + a**4/24 + a**3/6 + 3*a**2/2 - 1. Let m(y) be the second derivative of r(y). What is m(-1)?
2
Let m(d) = 2*d**3 - 2*d**2 + 2*d + 7. Let y(x) = x**3 + x**2 - x - 4. Let a(k) = -m(k) - 2*y(k). Suppose -p - 19 = -3*h + 3*p, -4*h + 3*p = -16. What is a(h)?
-3
Let j(t) = t**3 + 3*t**2 - 2*t + 3. Let v(d) = -2*d**3 + 4*d**2 - 3*d + 2. Suppose 0 = 6*l - l - 10. Let y be (-1)/(2*l/(-8)). Let r be v(y). Calculate j(r).
-5
Let x(k) = k**3 - 9*k**2 - 3. Let u be x(9). Let o(q) = -1 - 1 + q - 1. Give o(u).
-6
Suppose -10*i = -11*i + 1. Let y(p) = 24*p**3 + p**2. Give y(i).
25
Suppose i - 4*i + 18 = 4*r, r - 3 = 0. Let b(o) = 2*o**2 - 3*o**i + 4 - o - 3*o + 2*o**2. What is b(5)?
9
Let c(s) = -s**3 + 6*s**2 + 6*s - 5. Suppose 21 = 2*t + t. Determine c(t).
-12
Let z be (33/22)/((-6)/(-8)). Let v(r) = -4*r + r**z + 3 - 2 + 0. What is v(3)?
-2
Let b(q) = -q + 1. Let w(p) = -7*p + 6. Let g(m) = -6*b(m) + w(m). Let v(o) = -o**3 + 6*o**2 - 2*o + 12. Let d be v(6). Determine g(d).
0
Let s(t) = t**2 + t**2 - 32 - t + 2*t**3 + 33. Suppose 5*n - 6*u + 2*u = -18, -10 = 3*n - 2*u. Give s(n).
-5
Suppose -4*t + 5 = -7. Let v(j) = -28 + 2*j**t - j**3 + 37 + j. Determine v(0).
9
Let h(z) = z**3 + z + 10. Let u be h(0). Let t be (-12)/u*30/9. Let b(a) = -a**2 - a + 4. Determine b(t).
-8
Let z(n) = -n**2 - 7*n - 2. Let s be z(-6). Let h be (-20)/s*(-12)/15. Let b(c) = 1 + c**2 + 4 + 1 - 4*c. What is b(h)?
6
Let m(z) = z + 2. Let u(p) = 4*p + 7. Let o(l) = 22*m(l) - 6*u(l). Let s = -24 - -34. Suppose 7*r - s = 5*r. Give o(r).
-8
Let l(c) = 2*c. Let k = 10 + -6. What is l(k)?
8
Let d(p) = 0*p + 2*p**2 - p - p + 1 + 2*p**3. Let o be d(1). Let v(g) = -3*g**2 - g + 0*g**3 + 3*g**3 - 2*g**3. Determine v(o).
-3
Suppose 0 = -5*l - 5*a - 5, -2*l - 2*l = -4*a - 4. Let f(b) = b**3 + b**2 + b. Calculate f(l).
0
Let d(w) = -w**3 + 4*w**2 - 3*w + 6. Suppose -19 = -g - 2*g - 4*a, -3*g - 3*a + 15 = 0. Let j be (15/20)/((-2)/8). Let c = g - j. Give d(c).
-6
Let m(d) = d**2 - 2*d. Let v(j) = -9*j**2 + 17*j. Let u(p) = 51*m(p) + 6*v(p). Calculate u(1).
-3
Suppose 5*c = -3*d - 32, -4*d = 6 + 10. Let w(k) = -k - 8. Let u(b) = 3*b + 24. Let v(s) = c*u(s) - 11*w(s). Calculate v(-6).
-2
Let h(z) = z**3 + 4*z**2 + 2*z. Let n be h(-3). Suppose l = 2*l + n. Let g be (-13)/l + 1/(-3). Let y(j) = -j**2 + 7*j - 6. Calculate y(g).
6
Let v(y) = y**3 + 7*y**2 - y + 3. Let h(g) be the third derivative of -g**6/120 - g**5/10 + g**4/12 - g**3/3 - g**2. Let p(a) = -4*h(a) - 3*v(a). Give p(-4).
3
Let i(z) = -z**3 - 5*z**2 + 5*z - 7. Suppose 0 = -5*q + 4*p - 3*p + 12, -5*p - 18 = -4*q. Suppose 8 = -b + q. What is i(b)?
-1
Let c(w) = w**3 - 2*w**2 - 3*w + 2. Suppose -3*q + 4*q + 15 = 0. Let u = -12 - q. Determine c(u).
2
Suppose -3*q - 4*g + 2*g + 2 = 0, 0 = 4*q - 2*g + 2. Let u(s) = s**2 - s - 7. Calculate u(q).
-7
Suppose -4*t - 29 = -5*b, b - 5*b - 2*t = -18. Let k(i) = i**3 - 6*i**2 + 5*i. Give k(b).
0
Let y(l) = -l**2. Let m(j) = -j**3 + 2*j**2 + 3*j + 3. Let b(o) = m(o) + 5*y(o). What is b(-4)?
7
Let y(f) = 4*f**2 + 3*f - 2. Let d(j) = -16*j**2 - 13*j + 9. Let l(t) = -4*d(t) - 18*y(t). Let o(h) = 9*h**2 + 3*h. Let u(g) = 6*l(g) + 4*o(g). Calculate u(-1).
-12
Let r(m) = m + 10. Let w(c) = c**3 + 2*c**2 - 15*c - 9. Let o be w(-5). Give r(o).
1
Let p(b) = -b + 4. Suppose 2*c + 5 - 27 = -4*y, 4*y - 21 = -c. Suppose -y = -2*v + 7. What is p(v)?
-2
Let n = 9 - 14. Let o(v) = 11*v. Let b(g) = -23*g + 1. Let k(y) = 4*b(y) + 9*o(y). Let m(l) = -15*l - 9. Let h(c) = -13*k(c) - 6*m(c). Give h(n).
7
Let k(w) = 14*w - 23. Let n(d) = 5*d - 8. Let m(h) = -6*k(h) + 17*n(h). Give m(5).
7
Let z(b) be the first derivative of -b**3 + 3*b**2/2 + 2. Determine z(2).
-6
Let a(g) be the third derivative of -g**5/60 + g**4/8 - g**3/6 - 14*g**2. Give a(6).
-19
Suppose 0 = -p + 10 - 6. Suppose m = -3*a - 1, 20 = p*m - 2*a - 18. Let n(f) = f**2 - 7*f - 3. Determine n(m).
5
Let q(h) be the third derivative of h**5/20 + h**4/24 - 4*h**2. Determine q(1).
4
Let u = 44 + -39. Let w(k) = k**2 - 3*k. Give w(u).
10
Let p(l) be the third derivative of -l**6/120 + l**5/10 - l**3/3 - l**2. Calculate p(6).
-2
Let t(i) = -i**2 + 7*i - 6. Suppose -b + 5*u + 32 = 0, 4*u + 0*u + 55 = 5*b. Give t(b).
-6
Let a(j) = j + 9. Let g be a(-8). Let s(l) = -l**2 + 4*l + g - 2 - 5*l. Give s(-2).
-3
Let s = -6 + 10. Suppose z - 29 = -s*p - 0*z, 3*p + 7 = 5*z. Let q(y) = y**3 - 5*y**2 - 6*y + 9. Determine q(p).
9
Suppose 14*v = 17 - 115. Let c(u) = u**2 + 6*u + 2. Determine c(v).
9
Let w be 0/(-2 - -5) + -4. Let g(m) = -3*m**2 - 3*m - 5 + 3*m**3 - 2*m**3 + 6*m**2. What is g(w)?
-9
Let m(v) be the first derivative of v**2 - 2*v + 1. Let r(x) = -x**3 - 2*x**2 + x. Let i be r(-2). Give m(i).
-6
Let r(j) = -j + 10. Let m be r(8). Let o(c) = 3 + c + 0*c - m*c. Determine o(4).
-1
Suppose -2*j = 89 - 99. Let f(p) = -p**3 + 5*p**2 - p + 8. Let u = 19 - 32. Let b(v) = 2*v**3 - 10*v**2 + 2*v - 17. Let z(l) = u*f(l) - 6*b(l). What is z(j)?
3
Let h(w) = 2*w - 5 - 5 + 4 - w. What is h(0)?
-6
Let q(f) = f**3 + f**2 - f - 1. Let l(a) = 4*a**3 - 2*a**2 + 2*a + 2. Let z(g) = l(g) + 3*q(g). Determine z(-1).
-6
Let p(o) = -10*o**2 - 8*o - 1. Let r(n) = 37*n**2 - 18*n**2 - 18*n**2 + n. Let w(u) = -p(u) - 6*r(u). What is w(-1)?
3
Let q(s) = -s + 12. Let d be q(5). Let c(b) = -b**3 + 8*b**2 - 6*b - 1. Give c(d).
6
Let a(w) = -5*w**3 + 3. Let m(p) = 10*p**3 - p**2 - 7. Let b = -1 + -4. Let u(k) = b*a(k) - 2*m(k). What is u(-1)?
-4
Let i(s) = -s + 6. Let v be i(0). Suppose -h = 4*l + 12, -h + l + 22 = -v*h. Let q(j) = -4 - 117*j - j**3 - 119*j - 4*j**2 + 234*j. Calculate q(h).
4
Let a(l) be the third derivative of -l**4/24 + l**3/2 + 14*l**2. Determine a(6).
-3
Suppose 3*n - 4 = 14. Let h(i) = 2 + n - i**2 - 6. Calculate h(3).
-7
Let p(m) = -7*m - 11. Let t = 1 - 5. Let d(x) = -2*x - 4. Let z(u) = t*p(u) + 11*d(u). What is z(1)?
6
Suppose -6*p + 5*p = -13. Suppose -3*m - p = x - 2, 2*x + 3*m = -7. Let i(d) = -d**3 + 3*d**2 + 7*d - 6. Give i(x).
6
Let u(b) = -b + 2. Let h = -33 - -29. What is u(h)?
6
Suppose 0 = -3*r + 3*i + 3, -4*r + 3*i - 7*i - 20 = 0. Let w(x) = 2*x**3 + x**2 - 2*x + 1. What is w(r)?
-7
Let m be -1*1/2*0. Let w(x) be the first derivative of -x**3/3 + 2*x - 3. What is w(m)?
2
Let s(z) = 4*z**3 - 27*z - 3*z**3 + 1 + 51*z - 2*z**2 - 28*z. Calculate s(3).
-2
Let z(a) = -24*a**3 - 5*a**2 - a - 2. Let j(o) = -12*o**3 - 2*o**2 - 1. Let x(s) = -5*j(s) + 2*z(s). Calculate x(1).
11
Let j(o) be the second derivative of -o**3/6 + o**2/2 - 7*o. What is j(4)?
-3
Let r(z) be the second derivative of -z**4/6 - z**3 - 2*z**2 - 2*z. Give r(-4).
-12
Let d(u) = u**3 - 5*u**2 + 4*u - 1. Let c(l) = 5*l**3 - 24*l**2 + 21*l - 4. Let r(f) = 2*c(f) - 11*d(f). Determine r(7).
-11
Let w = 148 + -145. Let h(g) be the first derivative of -2 - 6*g + 1/2*g**2 - 1/4*g**4 + 2*g**w. Give h(6).
0
Suppose 2*a - 4 = -0. Let h = 3 - a. Let j(u) = 4*u**3 + 2*u**2 - 1. Determine j(h).
5
Let n(m) = m. Let i(u) = -u**2 - 12*u - 8. Let j(q) = -i(q) - 5*n(q). Let p(b) = b**2 - 5*b - 6. Let a be p(5). Give j(a).
2
Let x be 1/(-1) + 7 - 1. Let y(g) = 4*g - 9. Let b(s) = -5*s + 10. Let p(q) = x*b(q) + 6*y(q). Let d be 4/(-22) + 2/11. Give p(d).
-4
Let r(d) = -d - 10. Let j = -57 + 49. Determine r(j).
-2
Let o(p) = -9*p**2 + 2*p - 1. Let s = -16 + 17. Determine o(s).
-8
Let v(l) = -2*l**3 - 3*l**2 + 4*l + 8. Let w(t) = t**3 + 2*t**2 - 3*t - 7. Let q(x) = 2*v(x) + 3*w(x). Let b = -35 - -35. Calculate q(b).
-5
Let k = 2 + -2. Let y = k - -1. Let f(r) = r - 4. Let h(p) = p - 5. Let b(w) = -4*f(w) + 3*h(w). Calculate b(y).
0
Suppose -250 = -f - 4*f. Let m be (-2